4 + -3) - -14) + -5 + -91?
-89
Calculate 22 - 17 - ((-7 - -4 - 5) + (2 - -37)).
-26
What is -83 + -58 + 66 - -122?
47
What is (71 - 25 - 56) + -49?
-59
What is the value of (-3 - -8 - (54 + (-41 - -84))) + -7?
-99
Evaluate 11 - (-6 + 31) - (14 + -23).
-5
Calculate 18 - (-2 + (-11 - -11)) - 13.
7
-16690 + 16572 + 2 + 243
127
What is (64 - 85) + 21 - (43 + 2)?
-45
(85 - 180 - -96) + 52 + 0
53
What is the value of (-8 - 21) + 5 + (-4 + -13 - 5) + 8?
-38
Evaluate 16 - 0 - (-351 - -333).
34
What is the value of (83 - -4 - 34) + (-21 - -1)?
33
0 + (44 - (-10 + (1 - -16) + 5))
32
Evaluate (5 - (46 + -69)) + -14.
14
Evaluate (119 - (-6 - -26)) + (-26 - -13 - 0).
86
What is the value of (-134 - -74) + (-40 - -56)?
-44
-23 + (-38 - (-93 - 6)) - 4
34
Evaluate 14 + -74 + -3 + 0 + 18.
-45
What is 38 - (-12 + 27 + -57)?
80
What is -6 + (-39 - -5) - (-12 + 0 - (-147 + 140))?
-35
Calculate (579 - 713) + -16 + 238.
88
What is the value of -14 + 10 + 1 + (-9 + (-8 - -5) - -144)?
129
(-24 - (36 + -64 - -4)) + -41
-41
Calculate 39 + (-46 - 27) - 17.
-51
What is the value of 10 + 1 + (-72 - -65 - (2 + -3)) - 43?
-38
What is -160 + 26 + 135 - (2 - (-4 - (-1 + -59)))?
55
What is the value of 110 - (10 - (-17 + 22 + (-7 - 0)))?
98
What is -26 + 1 + -10 + (-16 + 18 - (2 + -7))?
-28
What is 2 - -5 - (8 + -7 - -8 - (-13 - -48))?
33
What is -9 + 19 + 1 + 3 - -22 - 4?
32
-9 - (614 + -624 - (-17 - 0))
-16
Calculate 107 + -128 + 19 + -114.
-116
What is (7 - (68 + 53 + -43 + -5 + -1)) + -4?
-69
Calculate (3 - 22 - (36 - 37)) + -24.
-42
14 + (-39 - (-98 - -45)) - (0 - -16)
12
What is -8 - (-6 + (-53 - -62) + -8 + 3)?
-6
What is the value of 29 - (20 - (-25 + -24 + -3))?
-43
What is 12 + 2 + (12 - 5) + (15 - 23)?
13
Evaluate -8 + -48 + -36 + (-8 - -53).
-47
Evaluate 4 + 0 - (-27 - -8 - (-22 - -5 - 14)).
-8
What is the value of 4310 + -4443 + (-1 - -90)?
-44
What is the value of (-3 - (-5 - 7 - 2)) + -39 + 30 - 90?
-88
14 + (7 - 13 - -5) + -3 + -3 + 56
63
What is -65 + -15 + 1 + (-2 - -13 - 15)?
-83
Calculate (71 - ((-2 - -9) + -4 + 10 + -20)) + -9.
69
Calculate 54 + -24 + 20 - (6 + (-9 - -3)).
50
Evaluate -144 - ((-6 - 0) + (-1159 - -1140) + (1 - -8)).
-128
What is the value of 19 - (55 - 32 - 76)?
72
What is 3 - (15 + -8 - (0 + -3))?
-7
Calculate (-4 + 9 - 3 - (-7 + -2)) + 3.
14
What is 45 - (113 - 14 - 42)?
-12
Evaluate 4 + 1 + (34 + -31 - (-3 + -5)) + -3.
13
Calculate 34 + (-43 + 18 - -15 - 13).
11
What is the value of (-14 + 3 + 24 - 19) + -2?
-8
What is the value of 102 - (6 + (15 + (0 - 6) + 0 - 18))?
105
Evaluate 4 + (27 - (-55 - -31)).
55
What is (119 - 172) + (110 - 17)?
40
What is 12 - 3 - (-37 + 0 - (11 + 15 + -17))?
55
Calculate 10 - ((33 - -14) + (-6 - -4 - -11)).
-46
What is the value of (10 - -1 - (-10 + (-4 - (-10 + -14)))) + 7?
8
Calculate -95 + 0 - (1150 + -1130 - (39 + -3)).
-79
What is the value of (-134 - -36) + 111 - (2 - (-58 - 1))?
-48
-1 + (-8 - 4) - -6 - (4 - (-3 - 52))
-66
Calculate 65 + -88 + 8 + (7 + -7 - 3).
-18
What is -25 - (70 + -63 - (-32 + 0))?
-64
What is the value of 0 + 7 - (-7 + (0 - -15) + 14 + -39)?
24
What is the value of -14 - 33 - ((5 - -18) + 19)?
-89
-105 + (177 - 52 - -46)
66
(15 - -2) + -1490 + 1519
46
Evaluate -42 + 10 + 3 + -1 + -23 + 6.
-47
Evaluate -10 + (-16 - -1) + (9 - 42).
-58
Calculate (-20 - -35) + -21 + 11 + -2.
3
What is the value of -7 - (9 - -8) - -24?
0
-20 - (11 + 9 + (8 - 17) + 1)
-32
(-1 + -2 + 39 - -7) + (-16 + 25 - 7)
45
Evaluate (0 - (28 - (23 - -30))) + 41.
66
Calculate (-98 + 98 - -45) + -41 + 0.
4
What is the value of (-5 - -14 - (158 + -28 + -41)) + 22?
-58
Calculate (5 - -48 - (32 + 4 + -14)) + 9 + 0.
40
What is -5 - ((-16 - -3) + 13 + (-8 - (-3 - -31)))?
31
What is (5 - 6 - -14) + (-22 - -23 - 14) + 0?
0
What is the value of 40 + (-3 - 1 - (331 - 296))?
1
What is the value of -29 + (-1 - -109) + (207 - 215)?
71
3 + -34 + (370 - 402)
-63
Evaluate (5 - -2) + -165 + 146.
-12
Calculate (-59 - 8) + 56 - (-2 - (0 - (26 + 1))).
-36
Calculate 277 + -153 + -107 + (98 - 1).
114
1 + -26 - (-93 + -20 + 35)
53
What is the value of 79 + -16 + 125 + -87?
101
Calculate -39 + 24 + 8 + (78 + 0 - (13 - 15)).
73
Evaluate -347 + 362 - (8 + 26).
-19
(16 - (-2 + 38 - -8)) + 0 + 20
-8
Evaluate 2 - 8 - ((11 - 0) + -5 + 53 + -53).
-12
What is (88 - (0 - -20 - (121 - 121))) + 4 + -1?
71
28 - -5 - (41 + (46 - 84))
30
Calculate -15 - (5 + -21 + 19 + -12).
-6
What is 47 + -71 + (-29 - -75)?
22
(-72 - -117) + (-12 - 7)
26
What is the value of -3 + (84 - (7 - -7 - 6)) - (-13 - -2)?
84
(-445 - -415) + (-3 - 4)
-37
Evaluate 167 - 58 - (-2 + 17 + 2).
92
Calculate 6 + 37 + (-40 + 19 - -24).
46
What is 6 + 23 + -15 - 20 - -74?
68
Evaluate 74 - 63 - 174 - -99.
-64
14 + 26 + 5 + -5
40
What is -11 + -1 + (-18 - (-16 + (20 - 19)))?
-15
Evaluate -13 + -19 + -11 + (6 - 0) + 8.
-29
Evaluate (78 - (-10 - -18)) + -7 + -43 + 30.
50
Evaluate 1 - (-8 + -17 + 41 + 7) - -75.
53
What is 107 + 83 + -300 + ((12 - 1) + 1 - -1)?
-97
60 + 3 + -14 + 1 + 0 + 10
60
Calculate 30 - (-4 - (-15 - 12)) - (5 - -1).
1
What is 1 + 81 + (13 + 3 + -10 - 29) + 36?
95
What is 15 - ((-27 - (9 - 44 - -18)) + 3 + 2)?
20
Calculate 68 - (-70 - (73 + -209)).
2
(-27 - -49) + 60 + -32
50
What is -119 + 142 + -2 + 6 + 15?
42
Evaluate -92 + 0 - (-16 - (-12 + (31 - 23))).
-80
What is the value of (-92 - -98) + -1 + -9 + 1 + 1?
-2
What is the value of -74 + (-44 - (-13 - 67))?
-38
What is 83 + (6 - 71) - 10?
8
Calculate -25 - (-4 - -15) - -23 - -6.
-7
Evaluate -2864 - -2745 - (2 - 41).
-80
What is the value of -4224 + 4303 - (4 - (0 - 15 - 2))?
58
What is the value of 6 - (-1 - 26 - (-8 - 11) - -97)?
-83
Calculate 186 + -182 - (1 + (29 - 0)) - -4.
-22
Evaluate -80 - (-47 + 40) - -45.
-28
Evaluate 13 + (-45 - -52) - -64.
84
Calculate -16 - (-48 + (20 - -23)).
-11
What is -67 + -166 + 166 + (17 - (3 - 1))?
-52
Evaluate 75 + -163 - (0 - 64).
-24
What is the value of 6 + (19 - 31) + 8 + 14 + -42?
-26
Calculate 56 + -50 + 32 - 51.
-13
Calculate (-23 - (-10 - 18) - -16) + -40.
-19
What is -49 - (66 + -23) - -77?
-15
Evaluate -80 - -65 - (7 + (-2 - 0) + -31).
11
What is (-43 - -31) + -34 - -75?
29
What is 6 + 10 + -40 + -3 + 22 + -22?
-27
What is -22 + (121 - 37) + 17 - (1 + (2 - 16))?
92
Evaluate -66 + (32 - (30 + -97)).
33
Calculate (27 - 83) + 40 - (25 - (3 - 5)).
-43
-190 + (-142 - -315) + 23 + 2
8
Evaluate -2 - -16 - (813 - 841).
42
-2 + 0 + -10 + (-20 - 8 - -50)
10
What is -8 + 0 - (4 + 11 + -6 + -7) - -7?
-3
Calculate -2 + (-13 + 17 - -7) - (-111 + -6).
126
What is the value of 13 + (-3 - (2 - -9)) + (-9 + 1 - -3)?
-6
-20 + (-21 - -77) + -31
5
Evaluate (-49 - (34 - 22)) + 5 + (-4 + -5 - -3).
-62
What is -31 + (19 - 35 - 7 - (-2 + 3 + -13))?
-42
What is 30 - (-129 - -108 - -114)?
-63
What is the value of 389 + -394 - (10 + (-49 - -1))?
33
Evaluate 15 - 6 - (121 + -19 + -19).
-74
Evaluate -1795 + 1750 - (-20 + 0).
-25
What is the value of (-33 - (36 + -13)) + 22?
-34
What is the value of 2 + 1 - (49 + 81 + -59 + 10)?
-78
-13 + 2 - ((35 - (5 - -19)) + -2)
-20
Evaluate 20 + (-9 + 0 - (7 - -44 - 84)).
44
Evaluate -94 + 85 + 22 + -33.
-20
Evaluate (-705 - -804) + (3 - 193).
-91
What is the value of 16 + -7 - (5 + 0 + (8 - 4) + -2)?
2
What is the value of (7 - (-38 + 48)) + (59 - 8)?
48
What is the value of 5 - (30 + (-15 - 7) + -20)?
17
What is -20 + -2 - (-29 + 14 - 12)?
5
Calculate 1 + -1 + 2 - (-41 - (147 - 99)) - -7.
98
-2 + -71 + 23 + 37 - -82
69
(-30 - -61 - 16) + 2 + (-2 - 17)
-2
Calculate (-1 - ((1 - (1 - 4)) + -18)) + -138 + 10.
-115
Evaluate (2 - (9 + -8 - -7)) + -15 + (-11 - -93).
61
Evaluate -14 + 2 - (43 - (104 + -54)).
-5
(-1 + -46 - (-5 - (-25 + 19))) + (26 - 25)
-47
Calculate (1 - -14) + 1 - (225 - 251).
42
What is -42 + 24 + -6 + 60 + 8?
44
What is the value of -17 - ((-1258 - -1252) + (17 - -1))?
-29
What is (-134 - (-4 + -26)) + 1 + (10 - 5)?
-98
What is -1 - -4 - (-8 - (6 + (-8 - -17) + 2))?
28
Evaluate -59 + 192 + -62 - 130.
-59
39 + 180 + -53 + -60
106
Evaluate -109 + 101 + (3 - 9 - -62).
48
1 + -10 - (119 + -14) - (-125 - -130)
-119
Calculate (-4 + -4 + 5 - 3) + 147 + -232 - 0.
-91
(5 - (-1 - -64)) + (25 - (-29 - -49))
-53
Calculate (0 - 2) + (8 - (-8 + 46)).
-32
Calculate 9 + -8 + -2 - -2.
1
(14 + -54 - -30 - 5) + (127 - 2)
110
-1 + (-14 + 0 - (-1 + 30))
-44
-11 